r of 227?
False
Is 2460 a multiple of 6?
True
Is 2759 a multiple of 27?
False
Does 27 divide 4903?
False
Is 9 a factor of 16702?
False
Does 18 divide 143?
False
Does 74 divide 4173?
False
Is 240 a multiple of 48?
True
Does 30 divide 450?
True
Is 110 a multiple of 9?
False
Is 211 a factor of 31096?
False
Does 38 divide 11248?
True
Is 11 a factor of 25102?
True
Does 9 divide 412?
False
Is 10 a factor of 411?
False
Is 2449 a multiple of 31?
True
Is 20 a factor of 16246?
False
Is 6014 a multiple of 147?
False
Does 14 divide 1666?
True
Is 11 a factor of 108218?
True
Does 53 divide 12489?
False
Is 279 a multiple of 23?
False
Is 7006 a multiple of 49?
False
Is 2080 a multiple of 16?
True
Does 53 divide 365?
False
Does 64 divide 1081?
False
Does 25 divide 477?
False
Does 44 divide 2361?
False
Is 20 a factor of 1941?
False
Is 8022 a multiple of 7?
True
Is 22 a factor of 24596?
True
Is 2 a factor of 63?
False
Does 25 divide 578?
False
Is 297 a multiple of 99?
True
Is 14251 a multiple of 42?
False
Is 12 a factor of 5067?
False
Is 342 a multiple of 38?
True
Is 152 a factor of 1672?
True
Is 12 a multiple of 7?
False
Does 6 divide 694?
False
Does 89 divide 16934?
False
Does 2 divide 2680?
True
Is 20 a factor of 1100?
True
Is 37 a factor of 457?
False
Is 27504 a multiple of 24?
True
Does 17 divide 56678?
True
Does 69 divide 1035?
True
Does 9 divide 31167?
True
Does 38 divide 11081?
False
Is 33 a factor of 463?
False
Is 104 a factor of 27448?
False
Does 4 divide 876?
True
Is 4029 a multiple of 47?
False
Is 737 a multiple of 32?
False
Is 6 a factor of 34428?
True
Is 108272 a multiple of 16?
True
Does 20 divide 1030?
False
Is 997 a multiple of 107?
False
Does 9 divide 22959?
True
Does 77 divide 3145?
False
Is 72 a factor of 8208?
True
Does 45 divide 1352?
False
Is 15698 a multiple of 27?
False
Is 1535 a multiple of 17?
False
Is 3895 a multiple of 41?
True
Does 112 divide 3836?
False
Is 19 a factor of 1064?
True
Does 66 divide 1743?
False
Is 435 a multiple of 3?
True
Is 9 a factor of 1041?
False
Is 2681 a multiple of 14?
False
Does 92 divide 6256?
True
Does 156 divide 146796?
True
Is 27 a factor of 13467?
False
Is 5 a factor of 2463?
False
Does 40 divide 3363?
False
Is 14 a factor of 208?
False
Is 10 a factor of 137?
False
Is 18 a factor of 1535?
False
Is 139 a factor of 20703?
False
Does 26 divide 1265?
False
Is 97 a factor of 19521?
False
Is 47 a factor of 611?
True
Is 1287 a multiple of 64?
False
Does 9 divide 130?
False
Is 29 a factor of 621?
False
Does 227 divide 159287?
False
Does 20 divide 4340?
True
Does 44 divide 44?
True
Is 175 a multiple of 6?
False
Is 27 a factor of 5454?
True
Is 684 a multiple of 15?
False
Does 33 divide 91674?
True
Is 120 a factor of 2040?
True
Is 2926 a multiple of 38?
True
Is 23 a factor of 91543?
False
Does 12 divide 10879?
False
Is 88905 a multiple of 32?
False
Is 63 a factor of 3554?
False
Is 10900 a multiple of 25?
True
Is 14 a factor of 16209?
False
Is 48 a factor of 6288?
True
Is 135 a factor of 16362?
False
Does 24 divide 381?
False
Is 653 a multiple of 66?
False
Is 123 a factor of 16359?
True
Is 600 a multiple of 12?
True
Is 675 a multiple of 9?
True
Is 4867 a multiple of 157?
True
Is 49 a factor of 4910?
False
Is 13826 a multiple of 62?
True
Is 22 a factor of 21670?
True
Is 1209 a multiple of 3?
True
Is 14 a factor of 98?
True
Is 62 a factor of 180?
False
Does 92 divide 65734?
False
Does 30 divide 510?
True
Is 12107 a multiple of 72?
False
Is 1597 a multiple of 2?
False
Is 35 a factor of 525?
True
Is 31 a factor of 364?
False
Does 5 divide 625?
True
Does 116 divide 20242?
False
Is 8 a factor of 3582?
False
Does 52 divide 1092?
True
Is 29 a factor of 899?
True
Does 6 divide 1128?
True
Is 42 a factor of 3611?
False
Does 74 divide 4576?
False
Is 29029 a multiple of 11?
True
Is 1465 a multiple of 45?
False
Is 71258 a multiple of 23?
False
Is 1142 a multiple of 6?
False
Does 29 divide 434?
False
Is 24486 a multiple of 238?
False
Is 140 a factor of 28009?
False
Is 7550 a multiple of 24?
False
Is 35 a factor of 245?
True
Does 11 divide 979?
True
Does 11 divide 19650?
False
Is 5777 a multiple of 2?
False
Does 9 divide 5481?
True
Does 7 divide 5324?
False
Does 192 divide 12279?
False
Does 28 divide 10295?
False
Is 7830 a multiple of 29?
True
Is 16 a factor of 464?
True
Does 8 divide 56?
True
Does 13 divide 42029?
True
Is 119 a factor of 8568?
True
Is 61601 a multiple of 17?
False
Is 336 a multiple of 48?
True
Is 45 a factor of 2115?
True
Is 2156 a multiple of 49?
True
Is 2135 a multiple of 45?
False
Is 18984 a multiple of 226?
True
Is 2212 a multiple of 14?
True
Is 42 a factor of 2352?
True
Is 1488 a multiple of 30?
False
Does 8 divide 88?
True
Does 77 divide 10087?
True
Does 9 divide 684?
True
Does 23 divide 49689?
False
Is 29969 a multiple of 21?
False
Is 13 a factor of 1051?
False
Is 15 a factor of 662?
False
Is 4 a factor of 5979?
False
Does 29 divide 1164?
False
Is 17 a factor of 1644?
False
Does 72 divide 10219?
False
Is 5 a factor of 113?
False
Is 77 a factor of 19712?
True
Does 46 divide 20987?
False
Is 116 a factor of 3844?
False
Is 23322 a multiple of 119?
False
Is 6 a factor of 444?
True
Is 299 a multiple of 23?
True
Does 195 divide 159120?
True
Does 8 divide 2448?
True
Is 123 a multiple of 13?
False
Does 30 divide 330?
True
Is 14 a factor of 14994?
True
Is 13 a factor of 61412?
True
Is 5255 a multiple of 71?
False
Does 11 divide 1056?
True
Is 27 a factor of 803?
False
Is 1688 a multiple of 8?
True
Is 2184 a multiple of 69?
False
Is 113 a multiple of 12?
False
Is 2272 a multiple of 4?
True
Is 6042 a multiple of 37?
False
Is 22 a factor of 4483?
False
Is 16 a factor of 42560?
True
Does 42 divide 336?
True
Is 13 a factor of 4016?
False
Is 59 a factor of 5782?
True
Is 401 a multiple of 7?
False
Does 14 divide 3220?
True
Is 3999 a multiple of 93?
True
Is 6 a factor of 20298?
True
Is 141 a factor of 6345?
True
Is 84 a multiple of 29?
False
Is 2180 a multiple of 4?
True
Is 47 a factor of 27748?
False
Is 25389 a multiple of 105?
False
Is 11 a factor of 121?
True
Is 10250 a multiple of 50?
True
Does 7 divide 29816?
False
Is 8332 a multiple of 18?
False
Does 15 divide 1854?
False
Is 1021 a multiple of 7?
False
Does 104 divide 66664?
True
Is 15 a factor of 2289?
False
Is 759 a multiple of 23?
True
Is 398 a multiple of 10?
False
Does 46 divide 10948?
True
Is 71 a factor of 2059?
True
Is 74305 a multiple of 77?
True
Does 13 divide 23645?
False
Is 20 a factor of 49375?
False
Does 25 divide 2600?
True
Does 21 divide 1218?
True
Is 34749 a multiple of 27?
True
Does 37 divide 592?
True
Is 8 a factor of 2640?
True
Is 11 a factor of 266?
False
Is 1443 a multiple of 13?
True
Is 697 a multiple of 25?
False
Is 12 a factor of 722?
False
Does 12 divide 34?
False
Is 37454 a multiple of 21?
False
Is 1041 a multiple of 23?
False
Does 42 divide 9702?
True
Does 11 divide 1274?
False
Is 8 a factor of 198?
False
Is 8851 a multiple of 10?
False
Is 49790 a multiple of 130?
True
Is 133 a multiple of 19?
True
Does 51 divide 4706?
False
Does 41 divide 328?
True
Is 43 a factor of 71303?
False
Is 31 a factor of 92?
False
Is 10 a factor of 1957?
False
Is 45584 a multiple of 74?
True
Is 443 a multiple of 16?
False
Does 7 divide 8085?
True
Does 12 divide 372?
True
Is 37120 a multiple of 116?
True
Is 1091 a multiple of 11?
False
Does 4 divide 176?
True
Is 1260 a multiple of 31?
False
Is 14 a factor of 25984?
True
Is 22 a factor of 36939?
False
Is 8863 a multiple of 7?
False
Is 1990 a multiple of 12?
False
Is 5278 a multiple of 91?
True
Does 7 divide 2024?
False
Is 1362 a multiple of 5?
False
Does 15 divide 7407?
False
Is 125 a factor of 34625?
True
Does 6 divide 3948?
True
Does 29 divide 1132?
False
Does 63 divide 882?
True
Is 20568 a multiple of 125?
False
Does 17 divide 2403?
False
Is 1750 a multiple of 5?
True
Is 14628 a multiple of 12?
True
Is 128478 a multiple of 114?
True
Does 19 divide 23195?
False
Is 68 a factor of 2584?
True
Does 5 divide 42710?
True
Does 81 divide 2514?
False
Is 749 a multiple of 19?
False
Does 5 divide 900?
True
Does 9 divide 770?
False
Is 9159 a multiple of 163?
False
Does 10 divide 7443?
False
Is 373 a multiple of 22?
False
Is 120 a multiple of 25?
False
Is 20 a factor of 840?
True
Is 48 a factor of 1567?
False
Is 14 a factor